{"id":176,"date":"2014-02-05T08:36:53","date_gmt":"2014-02-05T06:36:53","guid":{"rendered":"http:\/\/tosine.fi\/?page_id=176"},"modified":"2025-06-10T15:56:47","modified_gmt":"2025-06-10T12:56:47","slug":"ainejarjestotilat","status":"publish","type":"page","link":"https:\/\/tosine.fi\/?page_id=176","title":{"rendered":"Ainej\u00e4rjest\u00f6tilat &#8211; Tone"},"content":{"rendered":"<figure id=\"attachment_8561\" aria-describedby=\"caption-attachment-8561\" style=\"width: 2560px\" class=\"wp-caption aligncenter\"><a href=\"http:\/\/tosine.fi\/wp-content\/uploads\/2025\/06\/1000113667-scaled.jpg\"><img loading=\"lazy\" decoding=\"async\" class=\"wp-image-8561 size-full\" src=\"http:\/\/tosine.fi\/wp-content\/uploads\/2025\/06\/1000113667-scaled.jpg\" alt=\"\" width=\"2560\" height=\"1440\" srcset=\"https:\/\/tosine.fi\/wp-content\/uploads\/2025\/06\/1000113667-scaled.jpg 2560w, https:\/\/tosine.fi\/wp-content\/uploads\/2025\/06\/1000113667-850x478.jpg 850w, https:\/\/tosine.fi\/wp-content\/uploads\/2025\/06\/1000113667-1200x675.jpg 1200w, https:\/\/tosine.fi\/wp-content\/uploads\/2025\/06\/1000113667-250x141.jpg 250w, https:\/\/tosine.fi\/wp-content\/uploads\/2025\/06\/1000113667-768x432.jpg 768w, https:\/\/tosine.fi\/wp-content\/uploads\/2025\/06\/1000113667-1536x864.jpg 1536w, https:\/\/tosine.fi\/wp-content\/uploads\/2025\/06\/1000113667-2048x1152.jpg 2048w\" sizes=\"auto, (max-width: 767px) 89vw, (max-width: 1000px) 54vw, (max-width: 1071px) 543px, 580px\" \/><\/a><figcaption id=\"caption-attachment-8561\" class=\"wp-caption-text\">Tone, 2025<\/figcaption><\/figure>\n<hr \/>\n<p style=\"text-align: center;\"><strong>ToNe-huone<\/strong> (H101) on <strong>To<\/strong>sineen ja sisarj\u00e4rjest\u00f6 <strong>Ne<\/strong>fan ikioma\u00a0 oleskelu- ja ty\u00f6tila, joka sijaitsee Historican Musica- rakennuksen puoleisessa p\u00e4\u00e4dyss\u00e4.<\/p>\n<p style=\"text-align: center;\">Tarjolla on nettiyhteydell\u00e4 varustettuja ty\u00f6skentelykoneita sek\u00e4 my\u00f6s nurkkaus oleskelua ja vaikkapa kahvinjuomista varten. Tonella on vuosien mittaiset perinteet tosinistien sosiaalisen el\u00e4m\u00e4n yll\u00e4pit\u00e4j\u00e4n\u00e4.<\/p>\n<hr \/>\n<p style=\"text-align: center;\">\n","protected":false},"excerpt":{"rendered":"<p>ToNe-huone (H101) on Tosineen ja sisarj\u00e4rjest\u00f6 Nefan ikioma\u00a0 oleskelu- ja ty\u00f6tila, joka sijaitsee Historican Musica- rakennuksen puoleisessa p\u00e4\u00e4dyss\u00e4. Tarjolla on nettiyhteydell\u00e4 varustettuja ty\u00f6skentelykoneita sek\u00e4 my\u00f6s nurkkaus oleskelua ja vaikkapa kahvinjuomista &hellip; <\/p>\n<p class=\"link-more\"><a href=\"https:\/\/tosine.fi\/?page_id=176\" class=\"more-link\">Jatka lukemista<span class=\"screen-reader-text\"> &#8221;Ainej\u00e4rjest\u00f6tilat &#8211; Tone&#8221;<\/span><\/a><\/p>\n","protected":false},"author":1,"featured_media":0,"parent":0,"menu_order":1,"comment_status":"closed","ping_status":"closed","template":"","meta":{"footnotes":""},"class_list":["post-176","page","type-page","status-publish","hentry"],"_links":{"self":[{"href":"https:\/\/tosine.fi\/index.php?rest_route=\/wp\/v2\/pages\/176","targetHints":{"allow":["GET"]}}],"collection":[{"href":"https:\/\/tosine.fi\/index.php?rest_route=\/wp\/v2\/pages"}],"about":[{"href":"https:\/\/tosine.fi\/index.php?rest_route=\/wp\/v2\/types\/page"}],"author":[{"embeddable":true,"href":"https:\/\/tosine.fi\/index.php?rest_route=\/wp\/v2\/users\/1"}],"replies":[{"embeddable":true,"href":"https:\/\/tosine.fi\/index.php?rest_route=%2Fwp%2Fv2%2Fcomments&post=176"}],"version-history":[{"count":17,"href":"https:\/\/tosine.fi\/index.php?rest_route=\/wp\/v2\/pages\/176\/revisions"}],"predecessor-version":[{"id":8566,"href":"https:\/\/tosine.fi\/index.php?rest_route=\/wp\/v2\/pages\/176\/revisions\/8566"}],"wp:attachment":[{"href":"https:\/\/tosine.fi\/index.php?rest_route=%2Fwp%2Fv2%2Fmedia&parent=176"}],"curies":[{"name":"wp","href":"https:\/\/api.w.org\/{rel}","templated":true}]}}