{"id":2044,"date":"2014-03-09T19:30:49","date_gmt":"2014-03-09T17:30:49","guid":{"rendered":"http:\/\/tosine.fi\/?page_id=2044"},"modified":"2026-01-09T21:53:54","modified_gmt":"2026-01-09T19:53:54","slug":"hol","status":"publish","type":"page","link":"https:\/\/tosine.fi\/?page_id=2044","title":{"rendered":"Hol"},"content":{"rendered":"<h1><a href=\"http:\/\/tosine.fi\/wp-content\/uploads\/2014\/03\/HOL2.png\"><br \/>\n<img loading=\"lazy\" decoding=\"async\" class=\"wp-image-2049 alignleft\" src=\"http:\/\/tosine.fi\/wp-content\/uploads\/2014\/03\/HOL2.png\" alt=\"HOL2\" width=\"111\" height=\"143\" \/><\/a><span style=\"color: inherit; letter-spacing: 0.1em;\">Historian Opiskelijain Liitto<\/span><\/h1>\n<p>Vuonna 1966 perustettu Historian Opiskelijain Liitto on valtakunnallinen historian opiskelijoiden edunvalvontaan keskittynyt j\u00e4rjest\u00f6, joka perustettiin Jyv\u00e4skyl\u00e4n Tosineen, Tampereen Patinan, Helsingin Kronoksen ja Turun Kritiikin voimin. Nyky\u00e4\u00e4n liittoon kuuluu 9 historia-alan ainej\u00e4rjest\u00f6\u00e4 kuudesta eri yliopistokaupungista. Liittoon kuuluvat Tosine (Jyv\u00e4skyl\u00e4n yliopisto), Patina ry (Tampereen yliopisto), Varnitsa ry (Joensuu), Tiima ry (Oulun yliopisto), Kronos ry (Helsingin yliopisto), Historicus rf (Helsingfors universitet), Kritiikki ry (Turun yliopisto), Kleio rf (\u00c5bo Akademi), sek\u00e4 Politiikan tutkimuksen klubi ry (Turun yliopisto).<\/p>\n<p>Hol toimii kaikkien Suomessa historiaa opiskelevien kattoj\u00e4rjest\u00f6n\u00e4, joka valvoo ja ajaa historian opiskelijoiden etua. Liiton tavoitteena on my\u00f6s edist\u00e4\u00e4 ainej\u00e4rjest\u00f6jen v\u00e4list\u00e4 yhteisty\u00f6t\u00e4 ja tiedonv\u00e4lityst\u00e4 sek\u00e4 tarjota mahdollisuus ajatustenvaihtoon alan opiskelijoiden kesken. Tosine toimii liiton puheenjohtaja-ainej\u00e4rjest\u00f6n\u00e4 vuonna 2025.<\/p>\n<p>Liiton n\u00e4kyvimm\u00e4n osan muodostavat kahdesti vuodessa, syksyisin ja kev\u00e4isin, j\u00e4rjestett\u00e4v\u00e4t Hol-seminaarit. Ennalta m\u00e4\u00e4ritellyn historia-aiheisen seminaarin lis\u00e4ksi seminaariviikonloppuun kuuluu yhteist\u00e4 ajanviettoa, sek\u00e4 seminaariteemaan liittyv\u00e4t Hol-sitsit. Hol-seminaari j\u00e4rjestettiin viimeksi Jyv\u00e4skyl\u00e4ss\u00e4 syksyll\u00e4 2024, ja seuraavan kerran kev\u00e4\u00e4ll\u00e4 2026. Seminaarien lis\u00e4ksi liitto j\u00e4rjest\u00e4\u00e4 Hol seilaa! -risteily\u00e4 noin kerran vuodessa historianopiskelijoille.<\/p>\n<p>Tapahtumien lis\u00e4ksi Hol julkaisee tekstej\u00e4 omassa blogissaan ja laatii esimerkiksi kannanottoja alan opiskelijoita koskevista ajankohtaisista aiheista. Liitolla on my\u00f6s oma lehti, Holkki, joka julkaistaan kahdesti vuodessa seminaarien yhteydess\u00e4. Holkki rakentuu yleens\u00e4 seminaariteeman ymp\u00e4rille. N\u00e4m\u00e4 kaikki viestint\u00e4kanavat ja paljon muuta l\u00f6ytyv\u00e4t kootusti liiton nettisivuilta osoitteessa www.hol.fi.<\/p>\n<p>Voit my\u00f6s seurata Holia Instagram-alustalla (historianopiskelijainliitto) ja Hol-seminaaria (holseminaari). Liitolla on my\u00f6s Facebook-sivu, jonka l\u00f6yd\u00e4t nimell\u00e4 Historian Opiskelijain Liitto.<\/p>\n<p>Vuonna 2025 Holin puheenjohtajana toimii Tosineen oma Elli Kivivuori, jonka s\u00e4hk\u00f6postiosoite on\u00a0<em>elilkivi (at) student.jyu.fi<\/em><\/p>\n<p>T\u00e4m\u00e4n lis\u00e4ksi Tosineen hallituksen Hol-vastuuhenkil\u00f6n\u00e4 vuonna 2025 toimii Jenna Salminen. H\u00e4net tavoittaa osoitteesta <em>jenna.e.salminen (at) student.jyu.fi<\/em><\/p>\n","protected":false},"excerpt":{"rendered":"<p>Historian Opiskelijain Liitto Vuonna 1966 perustettu Historian Opiskelijain Liitto on valtakunnallinen historian opiskelijoiden edunvalvontaan keskittynyt j\u00e4rjest\u00f6, joka perustettiin Jyv\u00e4skyl\u00e4n Tosineen, Tampereen Patinan, Helsingin Kronoksen ja Turun Kritiikin voimin. Nyky\u00e4\u00e4n liittoon &hellip; <\/p>\n<p class=\"link-more\"><a href=\"https:\/\/tosine.fi\/?page_id=2044\" class=\"more-link\">Jatka lukemista<span class=\"screen-reader-text\"> &#8221;Hol&#8221;<\/span><\/a><\/p>\n","protected":false},"author":1,"featured_media":2048,"parent":0,"menu_order":7,"comment_status":"closed","ping_status":"closed","template":"","meta":{"footnotes":""},"class_list":["post-2044","page","type-page","status-publish","has-post-thumbnail","hentry"],"_links":{"self":[{"href":"https:\/\/tosine.fi\/index.php?rest_route=\/wp\/v2\/pages\/2044","targetHints":{"allow":["GET"]}}],"collection":[{"href":"https:\/\/tosine.fi\/index.php?rest_route=\/wp\/v2\/pages"}],"about":[{"href":"https:\/\/tosine.fi\/index.php?rest_route=\/wp\/v2\/types\/page"}],"author":[{"embeddable":true,"href":"https:\/\/tosine.fi\/index.php?rest_route=\/wp\/v2\/users\/1"}],"replies":[{"embeddable":true,"href":"https:\/\/tosine.fi\/index.php?rest_route=%2Fwp%2Fv2%2Fcomments&post=2044"}],"version-history":[{"count":43,"href":"https:\/\/tosine.fi\/index.php?rest_route=\/wp\/v2\/pages\/2044\/revisions"}],"predecessor-version":[{"id":8868,"href":"https:\/\/tosine.fi\/index.php?rest_route=\/wp\/v2\/pages\/2044\/revisions\/8868"}],"wp:featuredmedia":[{"embeddable":true,"href":"https:\/\/tosine.fi\/index.php?rest_route=\/wp\/v2\/media\/2048"}],"wp:attachment":[{"href":"https:\/\/tosine.fi\/index.php?rest_route=%2Fwp%2Fv2%2Fmedia&parent=2044"}],"curies":[{"name":"wp","href":"https:\/\/api.w.org\/{rel}","templated":true}]}}